a(p) = 4*p**2 - p + 1. What is a(o)?
4
Let p = 3 - -1. Suppose s = 2*s + p. Let r(n) = 2*n + 2. Calculate r(s).
-6
Let d(n) = 33 - 6*n - 32 + 5*n. Calculate d(-6).
7
Let h(c) be the third derivative of -5/24*c**4 - 7/60*c**5 + 0*c + 1/6*c**3 - 1/120*c**6 + 0 + 2*c**2. Determine h(-6).
-5
Let j be -1 + -1 - (-5)/1. Let t = j + 3. Let w(l) = -1 + 2*l - t*l**2 - l - l**2. Give w(1).
-7
Let p(q) = -q**3 + q**2 + q. Suppose -2*y - 5*d = 2, -3*y - 18 = -7*y + d. Suppose -5*a - 5*f - 5 = 0, -2*a + y*f = -14 - 8. Let h be -2*a/6*-2. Determine p(h).
-2
Let r(y) be the second derivative of -y**3/6 + 4*y**2 - 22*y. What is r(7)?
1
Suppose 0 = -5*h - 2 - 3. Let u = -5 + h. Let o be 15/u*(2 + 0). Let x(m) = m**3 + 6*m**2 + 6*m - 3. Give x(o).
-8
Let v(u) = 2*u - 6. Suppose -3*j = -4 + 13. Let n be 2/(1 + 2/j). Suppose -w + n = 2. What is v(w)?
2
Let i(z) be the second derivative of -z**6/180 + z**5/30 + z**4/6 + 2*z. Let h(d) be the third derivative of i(d). Let y = -26 - -29. What is h(y)?
-8
Let g(f) = -f**3 - 6*f**2 + 2. Let c be g(-6). Let p(a) = 3 + 3 - 5 + 5*a**2 - 2*a + 2*a**c. Calculate p(1).
6
Suppose 0 = -5*u + 5*d - 5, -2*d + 5 = 5*u - 5*d. Let h(q) = 2 + u + q**2 - 2*q**2 - 4. What is h(-2)?
-2
Let o(g) be the second derivative of 3/2*g**2 - 7*g + 0 - 1/12*g**4 - 2/3*g**3. What is o(-5)?
-2
Let w(f) = 7*f**2 + 8*f + 2. Suppose k + 3 = 8. Let b(x) = -11*x**2 - 12*x - 3. Let c(g) = k*b(g) + 8*w(g). Determine c(-5).
6
Let c(p) = 3*p + 4. Suppose -2 = -3*v + 7. Suppose 7 + 2 = -v*f. Give c(f).
-5
Let c = -17 + 19. Let y(m) = -6*m + 3. Determine y(c).
-9
Let x(m) = -5*m - 20. Let n(v) = -2 - 2*v - 1 - 1 - 3. Suppose -o = 4*o - 30. Let i(k) = o*x(k) - 17*n(k). Determine i(1).
3
Suppose -4*v = -7*v + 3. Let m(i) = i**3 + 5*i**2 - 6*i. Let l(a) = a**2 - a - 1. Let q(g) = v*m(g) - 6*l(g). Let k be (0/(-2))/(-2 + 4). What is q(k)?
6
Let h = 9 + -9. Suppose 0 = 5*s - 10. Let y(f) = -f**3 + 2*f**3 - s + h + f**2. What is y(-2)?
-6
Let p(b) = -b**3 + 5*b**2 + 2*b + 1. Let z(x) = x**3. Let a(s) = -p(s) - 2*z(s). Give a(-2).
-9
Let f(q) = -q**2 + 14*q + 0*q**2 + 2 - 9*q + 1. Give f(5).
3
Let r(p) = p**3 + 5*p**2 + 4*p + 1. Suppose -t + 10 = t. Let x(k) = -3*k**3 - 11*k**2 - 8*k - 3. Let o(d) = t*r(d) + 2*x(d). Determine o(4).
-1
Let y(m) = -13*m**2 - 4*m - 13. Let w(t) = -3*t**2 - t - 3. Let h(u) = -9*w(u) + 2*y(u). Let x(r) = -r**2 - 2*r - 2. Let s be x(-2). What is h(s)?
3
Let o(k) = k - 10. Suppose -5*l + 4*l = 0. Suppose l = 3*j + j - 20. Determine o(j).
-5
Let r(o) be the first derivative of o**3/3 + 5*o**2/2 - 6. Give r(-3).
-6
Let r(n) be the third derivative of -n**6/240 - n**5/30 + n**4/8 - n**2. Let j(f) be the second derivative of r(f). Calculate j(-3).
5
Suppose -6*c = -c. Suppose 8 = 5*j - 2*a, 0 = -5*j - 4*a + 14 - c. Let d(g) = -1 + g**2 + 1. Determine d(j).
4
Let m(y) = -5 + 1 + 0 + 0 - y**2 + 4*y. Give m(3).
-1
Let h(n) be the third derivative of -n**6/15 - n**5/60 - n**4/12 - n**3/6 + 4*n**2. Let a be 1/1 + -4 + 2. Determine h(a).
8
Suppose 0 = w - 2*f - 6, -5*f + 3*f + 2 = 3*w. Let l(d) be the second derivative of -1/3*d**4 - w*d + 0*d**3 + 0 - 1/2*d**2. Determine l(1).
-5
Let o(c) = c**2 - c. Let w = -5 - -4. Let n(d) = 6*d**2 - 7*d + 1. Let b(r) = w*n(r) + 5*o(r). Suppose 5*k = -2 + 7. Determine b(k).
0
Let q(v) = -v**2 - 5*v - 6. Let a be (10/15)/((-2)/3). Let r be -5*((-2)/(-1) + a). Calculate q(r).
-6
Let p(b) be the first derivative of b**3/3 - b**2 + 2*b + 5. What is p(2)?
2
Suppose 5*v = j - 3, -3*j + 5*v = -8*j - 15. Suppose 6 = -3*m + 3. Let h be m + j + 1 + 0. Let p(a) = 2*a. Determine p(h).
-4
Let s(u) = -u. Let l be (-6)/21 + (-47)/7. Determine s(l).
7
Let h(k) = -k + 0*k + 5 - 5. Give h(-1).
1
Let l(u) = 20*u - 39*u + 22*u. Calculate l(-2).
-6
Let b = 5 - -1. Let c(f) = -f**3 + f + 1. Let q(n) = -5 - n + 5*n**3 + 4*n**2 + 2*n**2 - 3*n**2 - 6*n. Let p(y) = b*c(y) + q(y). Give p(2).
3
Let i(x) = -x**2 - 5*x - 3. Let r be i(-3). Let f be 2*1 + r + 0. Let n(k) = 2*k + 4*k + 5*k**2 - 4*k + 1 - k**3. Determine n(f).
11
Suppose -4*l - 3*p + 59 = 0, -26 = 2*l - 3*l - 3*p. Let x = l + -15. Let q(o) = 5*o + 0*o**2 + 1 + o**2 + 5. Determine q(x).
2
Let p(r) be the third derivative of r**7/5040 + r**6/720 - r**5/10 - 4*r**2. Let t(c) be the third derivative of p(c). Determine t(-3).
-2
Let v(y) be the first derivative of y**3 + 2*y**2 + 3*y - 30. Give v(-2).
7
Let g(b) = -b + 1. Let y(l) = -5*l + 10. Let w(a) = -6*g(a) + y(a). Determine w(-2).
2
Suppose 14 = 2*a - 5*v, -4*a + 1 = -v - 9. Let w(q) = 2 + a*q - 2*q + 3*q**2 + q - 2*q**2. Let s be (-3)/12 + (-18)/(-8). Determine w(s).
8
Let g(u) be the third derivative of u**6/120 - u**5/60 - 5*u**3/3 + u**2. What is g(0)?
-10
Let u(c) = -c. Let t(s) = 1. Suppose 0 = 3*p + 2 - 5. Let a(m) = p*t(m) - u(m). What is a(5)?
6
Let u(i) = -5 - 29*i**2 + 30*i**2 - i**3 + 2*i**3. Let g(m) = m**3 - 4*m**2 + 2*m + 3. Let o be g(3). Let h = 0 + o. What is u(h)?
-5
Suppose b - 2*i = 2, 5*b + 5*i + 4 = i. Let c(a) = a**3 + a**2 - a + 5. Determine c(b).
5
Let p(o) = -3*o - 4. Let z = -16 + 13. What is p(z)?
5
Let n(j) = j**2 - 3*j + 5. Let h(m) = -m**2 + m + 60. Let u be h(-7). Give n(u).
9
Let s(m) = -3*m + 2. Suppose -5*h - 1 = -6. Let n = -4 - h. Let l = n - -3. What is s(l)?
8
Let q(w) = -11 - 9 + 3*w - w + 19. Let n = 4 + -8. What is q(n)?
-9
Let y be (2*(0 - -3))/1. Suppose 0 = -y*j + 2*j + 16. Let q(g) = -g**3 + g - g**3 + j + g**3 - 7*g - 7*g**2. Give q(-6).
4
Let d(n) = -3*n**2 + 3*n. Let l(o) = 2*o**2 - 3*o + 1. Let k(c) = -3*d(c) - 4*l(c). Let q = -9 - -5. Give k(q).
0
Let u be ((-4)/(-2))/1 + 3. Let q(j) = 9*j - 6. Let b(w) = 4*w - 3. Let x(d) = d + 2. Let c be x(4). Let m(z) = c*q(z) - 14*b(z). Give m(u).
-4
Suppose 0 = -2*j - 3*j - 3*s - 22, j + 22 = -5*s. Let l be (j - -2)/(0 + 2). Let m(b) = -b**3 - b**2 - 5. Determine m(l).
-5
Let n(k) = 2*k. Let u be n(2). Let w(o) be the second derivative of 1/20*o**5 + 2*o**2 + 4*o - 1/2*o**4 + 0 + 5/6*o**3. Determine w(u).
-8
Let f(p) = -p**2 - 6*p + 7. Let b be f(-7). Suppose -t + 1 = -b. Let z(n) = -n**2 - n + 1. What is z(t)?
-1
Suppose w - 6*w - 35 = 0. Let s(x) = -5*x**3 + x**2 - 4*x - 3. Let m(n) = 9*n**3 + 4*n + 11 + 4*n - 3*n**2 + 11 - 17. Let g(h) = w*s(h) - 4*m(h). Give g(4).
1
Let c(n) be the first derivative of 5 - 8*n + 2*n**2 - 1 - n**2. Let k be c(6). Let a(v) = -v**3 + 5*v**2 - 5*v - 3. Calculate a(k).
-7
Let q(g) = -14*g - 7. Let o(d) = 5*d + 2. Let u(p) = -8*o(p) - 3*q(p). Let y(i) = 3*i + 4. Let k be y(-3). Determine u(k).
-5
Let k(u) = -u - 5. Let i be k(-4). Let t(v) be the third derivative of -v**4/24 + v**3/6 - v**2. Let j(g) = -5*g - 3. Let l(s) = -j(s) - 2*t(s). Give l(i).
-6
Let r(u) = 2*u**3 - 2*u**2 + 1. Let w(l) = -l - 5. Suppose 0 = -2*g + 4*g + 8. Let y be w(g). What is r(y)?
-3
Suppose 5*z = -d + 15, 13 + 22 = 5*z + 5*d. Let v(y) = -y**z - 6*y**3 + 2*y - 2*y - y - y**3. Give v(-1).
7
Suppose 0 = 5*c + 5*i - 25, -3*c + 4*i + 0 = -1. Suppose 4*v + m = -m + 4, -c*v = 4*m + 2. Let q(w) = w**3 - 2*w**2 - 1. Calculate q(v).
-1
Let b(a) = -a - 9. Let z be b(-6). Let v(y) = -y**2 - 4*y - 4. Determine v(z).
-1
Suppose 10 + 10 = m + 4*i, 5*m - 4*i = 4. Let y(f) = 2*f + f + 3 - m*f - f**2. What is y(-4)?
-9
Let p(i) = i - 4. Suppose 3*y - 1 = -y - 3*w, -3*y - 4*w - 8 = 0. Give p(y).
0
Let j(y) = y - 2*y**3 + 3*y**3 - 11*y - 9 + 5*y**2 + y. Let g = 0 + -6. Calculate j(g).
9
Let j(h) = -h**3 - 4*h**2 - 2*h - 2. Let r be j(-2). Let d(g) = g**3 + 6*g**2 + g + 1. Give d(r).
-5
Let d(l) be the second derivative of l**3/2 + 3*l**2/2 - l. Let s = -6 + 9. Suppose b = -p, -s*p + 3 = 4*b + 2*p. Give d(b).
-6
Let o(r) = 4 - 5*r - 1 + 4*r. Let j be 3726/117 + 2/13. Suppose -2*y + 17 = -y + 5*b, -4*y + 5*b - j = 0. What is o(y)?
6
Let h(q) = q + 15. Let l(i) = -i + 8. Let r be l(8). Determine h(r).
15
Let h(k) = 7*k**3 - 5*k**2 - 5*k - 5. Let i(n) = -13*n**3 + 10*n**2 + 9*n + 9. Let x(b) = 11*h(b) + 6*i(b). Determine x(5).
-6
Let y(b) = b**3 - 11*b**2 + 10*b + 5. Let z be y(10). Suppose -2*r = 4*o - 3*r - 7, -z*o + r = -8. Let l(m) = -m**2 + 1. Determine l(o).
0
Let a(m) be the first derivative of -m**5/2 - m**3/6 + 5*m + 1. Let q(w) be the first derivative of a(w). What is q(1)?
-11
Let z(l) = l**2 + 8*l + 16. Let f be z(-6). Let i(q) = -q 